What is g(4)?
-17
Let p be (2/6)/(1/(15 + -3)). Let l(h) = 74*h + p - 3 - 57*h. What is l(-1)?
-16
Let h(x) be the second derivative of -x**5/20 + x**4/2 - 7*x**3/6 + 4*x**2 + 65*x. Calculate h(5).
-2
Let i(l) = -2*l. Let j(t) = -t**3 - 10*t**2 - 7*t + 22. Let f be j(-9). Suppose f*d - 1 = -s + 2, 2*d = -s - 1. Calculate i(d).
-4
Suppose 90 = -8*p + 3*p. Suppose -111 = 6*y - 21. Let h = y - p. Let n(m) = -m - 2. What is n(h)?
-5
Let q(u) = -u**3 - 7*u**2 - u - 1. Let v be q(-7). Let l(k) = k - 7. Let g be l(v). Let n(t) = -t - t**2 - 6*t**3 - 1 + 1. Give n(g).
6
Let y(i) be the first derivative of 0*i**3 - 1/2*i**4 + 15 - i - 3/2*i**2. Determine y(-2).
21
Suppose 0 = -3*j + j + 4. Let z(h) = h**2 + j + 8 - 4 + 5. Let a be (-1 + 1)*(2 - 1). Give z(a).
11
Let q(x) = -x**3 + x**2 + 14*x - 6. Let d be q(4). Let g(m) = -m**3 - 3*m**2 + 4 - m**d + 2*m - 3*m**2. Calculate g(-7).
-10
Let l(n) = n**3 - n**2 - 4*n - 3. Let d be (3 + -1)*(3/6 - 1). Let i(b) = 4*b + 2. Let t be i(d). What is l(t)?
-7
Let q(x) = -5*x**3 - 2*x**2 + x. Suppose 2*g + 26 = 28*g. Give q(g).
-6
Let t(r) = -r - 30 + 64 - 33. Give t(0).
1
Let y(p) = -15*p**2 + 34*p**2 + 6*p - 7 - 20*p**2. Calculate y(5).
-2
Let a(c) = -7*c - 6. Let s(x) = -8*x - 6. Let p(i) = 6*a(i) - 5*s(i). Let f = 2416 + -2423. Determine p(f).
8
Let d(v) = v**2 + v. Let c be (-7)/5 - 32/(-80) - -2. Suppose -1 = 4*s - c. Give d(s).
0
Let p(l) = -5*l**3 - 11*l**2 - l - 10. Let g(m) = m**3 + m**2 + 2*m + 1. Let f(z) = 4*g(z) + p(z). Calculate f(-8).
2
Suppose -22*x = -20*x + 74. Let b = 33 + x. Let g(f) = 2*f + 2. Calculate g(b).
-6
Suppose 250 = -5*v + 230. Let r(a) = -a**3 - 4*a**2 - 6*a - 1. Calculate r(v).
23
Let r(n) = -10*n - 7*n + 23*n - 9*n + 7. Give r(3).
-2
Let p(w) = -w**2 - 9*w + 12. Suppose -2*o + 4*o - 36 = 3*v, 4*o = 2*v + 32. Let l be (-16)/16*v/(0 - 1). Calculate p(l).
2
Let v(t) = 3*t - 22. Let x = -280 - -280. Calculate v(x).
-22
Let u(l) = 6*l**3. Let m(f) = 5*f**3 + f**2 + 1. Let d(z) = 2*z - 21. Let h be d(8). Let n(j) = h*m(j) + 4*u(j). Determine n(-5).
-5
Let d(j) = -j**2 - 15. Let l be (-41 - -41)/(2/(-2)*1). Determine d(l).
-15
Let y(u) be the second derivative of u**3/6 - 9*u**2/2 - 114*u. Determine y(5).
-4
Suppose 8*m = 12*m. Let n(a) = m - 6*a - 7*a**2 + 24*a**3 - 25*a**3 - 3. Calculate n(-6).
-3
Suppose -4*s + 2*p + 137 = 5*p, -2*s - 2*p = -70. Suppose s = 4*q + 40. Let y(a) = a - 2. Give y(q).
-4
Let b(l) = -1322*l**2 - 2*l - 5*l + 1323*l**2 + 0*l. Let t be (-976)/(-144) - 2/(-9). Calculate b(t).
0
Let n(d) = d**2 - 4. Let f = 4 - -4. Suppose -4*u + 0*u = -f. Suppose 2*x - u = -2*l - l, 2*l = 3*x - 16. What is n(x)?
12
Let o(y) = y**3 + 7*y**2 + 1. Let n(r) = -16*r**3 + 3*r**2 - r - 2. Let w be n(2). Let u = w - -113. What is o(u)?
1
Let p(s) = -23*s**2 - 277*s - 22. Let x be p(-12). Let n(b) = b**2 + 7*b - 14. Calculate n(x).
16
Let i(j) = j - 15. Let a(h) = 9*h - 117. Let t(w) = 4*a(w) - 33*i(w). Calculate t(-12).
-9
Let n(u) be the first derivative of -u**5/30 - u**4/8 + u**3/3 - u**2 + 3. Let p(b) be the second derivative of n(b). Suppose 106*x - 105*x = 2. Give p(x).
-12
Let c(g) = -g**3 + 5*g**2 + 7*g - 1. Let r be c(6). Suppose r*k - 8*k = -6. Let w(f) = -28*f**2 - 9*f**3 + 29*f**k + 1 + 0 - 2. Calculate w(-1).
9
Let z(f) be the third derivative of -f**4/6 + 4*f**3 - 25*f**2 + 2*f. Determine z(7).
-4
Let x(i) = i**3 + 2*i**2 + 2. Suppose 0 = -d + 2*g - 8, -2*d - 9 - 1 = -2*g. Give x(d).
2
Let x(u) = -9*u**3 - u**2 - 2*u - 1. Let w be x(-1). Suppose 28 = -q + w. Let b = q - -19. Let o(f) = f**3 + 7. What is o(b)?
7
Suppose 0 = -29*m - 33 - 25. Let u(h) = -5*h - 7. Determine u(m).
3
Suppose 0 = -14*v - 72 + 58. Let r(m) be the second derivative of 2*m + 0*m**2 + 0 + 1/6*m**3. What is r(v)?
-1
Let y(l) = -1 + 12*l**3 - 8*l**2 + 6*l + 11*l**3 - 22*l**3. Give y(7).
-8
Let k = -67 - -77. Let u(p) be the first derivative of p**4/4 - 3*p**3 - 9*p**2/2 - 7*p + 7. Calculate u(k).
3
Suppose 0 = 2*u - 3*y - 60, -3*u + y + y = -100. Let c = u + -11. Let f = c - 25. Let a(s) = s**3 - s**2 - s - 7. Give a(f).
-7
Let y be -2 + 0 - -6 - (15 - 13). Let d(j) be the second derivative of -4*j**3/3 + j**2/2 + j. Give d(y).
-15
Let f(r) = -11 + r**2 + 11 + 4*r + 3. Give f(-4).
3
Suppose 16 = 3*n + 79. Let j = n + 18. Let b(r) = -2 - 4*r - 2*r + 2*r + r. Give b(j).
7
Let v(n) be the third derivative of -1/24*n**4 + 0*n + 4*n**2 + 0 + 0*n**3. Let y(j) = -3*j + 4. Let s(d) = 4*v(d) - y(d). Calculate s(-7).
3
Suppose -p + k = -3*k - 11, p - 9 = 3*k. Let y(a) be the first derivative of 1/3*a**p + 3 + a + 1/2*a**2. What is y(-1)?
1
Let p(d) = d - 2. Let j be p(0). Let l(t) = 0*t - 1 - 3*t - 7*t + 14*t. Determine l(j).
-9
Let q = -139 - -135. Let b(t) = -t**2 + 7. Determine b(q).
-9
Let t(i) = i**2 - i - 1. Suppose 5*m - r + 10 = 0, 3*m - 3*r = -4*r - 14. Calculate t(m).
11
Let m(q) = 7*q**3 + 2*q**2 - 1. Let u be m(-1). Let b(y) = -6*y**2 - 7*y - 26. Let o(p) = -7*p**2 - 7*p - 30. Let v(j) = -6*b(j) + 5*o(j). Calculate v(u).
0
Let c = 10 - 6. Let j(o) = -3*o**2 + 165*o**3 - 164*o**3 - 1 + 19 - 8 - 8. Calculate j(c).
18
Let t(q) = -q**3 + 17*q**2 + 3*q - 38. Suppose 26*h = 81*h - 935. What is t(h)?
13
Let l(y) = -2*y + 4*y - 46 + 12 - 15. Calculate l(22).
-5
Let q be 13 - 8 - (-10 + 13). Let n(z) be the second derivative of 0*z**4 + 1/2*z**q - 1/5*z**5 + 0*z**3 + z + 0. Calculate n(-1).
5
Let x(h) be the first derivative of 1/6*h**3 - 1/12*h**4 + 0*h**2 + 8 - 5*h. Let y(o) be the first derivative of x(o). Determine y(3).
-6
Let q(h) = -h + 1. Let t(l) = 2*l - 21. Let v be t(10). Let w(x) = x**2 + x - 1. Let u(f) = v*q(f) + w(f). What is u(3)?
13
Let i be (-29)/(-5) + (-1)/(-5). Let g(n) = -24*n - 20*n + i + 64*n - 24*n. Let k = 4 - 0. What is g(k)?
-10
Let y(w) = w**3 - w**2 - 1. Let v be -4 - (3 - 21/3). Suppose 3 = 3*l, s - 26 = -v*s - l. Let m = 27 - s. Determine y(m).
3
Let m(q) = -2 - 25*q + 0 + 1 + 39*q - 17*q. What is m(2)?
-7
Let a(p) = 1. Let d(j) = -j**3 + 3*j**2 + 8. Let m be 51/9 + 1/3. Let h(o) = m*a(o) - d(o). Calculate h(2).
-6
Let i(l) = 3*l + 3*l + 32 - 29. Let m(y) be the third derivative of y**4/24 + y**3/6 + 9*y**2. Let z(q) = i(q) - 5*m(q). Calculate z(3).
1
Let d(h) = -h**3 - 6*h**2 - 5*h - 7. Let m = -290 + 285. Calculate d(m).
-7
Let o(s) = -s**2 + 11*s + 42. Let q = -1796 - -1810. Calculate o(q).
0
Let y(z) = z**2 + z + 1. Let l(t) = -8*t**2 - 11 + 4 - t - 6*t. Let n(k) = -l(k) - 6*y(k). Let p(a) be the first derivative of n(a). Determine p(1).
5
Let o(y) = 0*y**3 + y**3 - 13*y - 10 + 11*y + 9. Determine o(2).
3
Suppose -6*c + 9 = 75. Let i(h) = 4*h - 5. Let x(f) = 23*f - 37 + 11 - 2*f. Let a(d) = c*i(d) + 2*x(d). What is a(2)?
-1
Let k(w) = -3*w**3 + 9*w**2 - 10*w - 1. Let i(s) = 2*s**3 - 7*s**2 + 7*s + 1. Let g(u) = 7*i(u) + 5*k(u). Suppose z = 3*z + 4. Give g(z).
-4
Let t(m) be the second derivative of -m**3/3 - 4*m**2 - 58*m. What is t(-5)?
2
Let h(d) = d**3 + 6*d**2 - 8*d - 5. Let v(o) = -2*o**3 - 12*o**2 + 17*o + 10. Let r(q) = -13*h(q) - 6*v(q). Determine r(-6).
-7
Let h(y) be the second derivative of -1/2*y**3 + 1/4*y**4 - 33*y + y**2 + 0. Let j(i) = i**3 + 7*i**2 + 5*i - 4. Let f be j(-6). What is h(f)?
8
Let f(t) be the third derivative of t**5/60 + t**4/8 - t**3/2 - 328*t**2. Give f(-5).
7
Suppose 1977 = -11*p + 1911. Let r(u) = u**3 + 6*u**2 + u + 10. Determine r(p).
4
Let k(t) = t**2 - 7*t + 2. Suppose -5*s = -4*s. Suppose -5*p + 48 = -p. Suppose s = 4*g - 8 - p. Give k(g).
-8
Let t(w) = 106*w + 105*w + 3*w**2 - 2*w**2 + 11 - 215*w. Calculate t(5).
16
Let n(q) = 5*q + 1. Suppose -2*h = -j + h - 8, -h + 40 = 5*j. Suppose -j*k = -15*k + 24. What is n(k)?
16
Let g(h) = 8*h - 85*h**2 - 85*h**2 - 3 + 256*h**2 - h - 85*h**2. What is g(5)?
57
Let s be 8/(-2)*12/(-8). Suppose s = h + 13. Let j(i) = i**3 + 8*i**2 + 5*i - 9. Let g be j(h). Let o(v) = v**2 - 3*v - 4. Determine o(g).
6
Let k(y) = -2*y - 1. Let o(j) = 8*j + 5. Let t(i) = 18*k(i) + 4*o(i). Give t(2).
-6
Let k(q) = -4*q + 4. Let f(i) = 9*i - 4*i - 4*i - 1. Let p(g) = -6*f(g) - k(g). Calculate p(4).
-6
Let g(z) = 86*z**2 + 19 + 84*z**2 + 80*z**2 + z - 251*z**2 - z**3. Give g(0).
19
Let c(n) = -5*n**2 + 2*n - 1. Let a = 0 - -1. Let j(w) = w**3 + 2*w - 1. Let t be j(a). Suppose 0 = -0*r - t*r + 4. Calculate c(r).
